{"id":3199,"date":"2021-01-27T12:54:30","date_gmt":"2021-01-27T11:54:30","guid":{"rendered":"https:\/\/garraldakozonaldea.educacion.navarra.es\/portal1\/comision-de-euskera-del-pirineo\/"},"modified":"2023-05-11T12:43:35","modified_gmt":"2023-05-11T10:43:35","slug":"comision-de-euskera-del-pirineo","status":"publish","type":"page","link":"https:\/\/garraldakozonaldea.educacion.navarra.es\/portal1\/es\/comision-de-euskera-del-pirineo\/","title":{"rendered":"Comisi\u00f3n de Euskera del Pirineo"},"content":{"rendered":"\n<p class=\"has-text-align-center\">En el curso 2017-2018 creamos un proyecto com\u00fan para la promoci\u00f3n del euskera en los centros educativos de Garralda, Otsagi y Roncal. De este modo, tambi\u00e9n queremos reforzar las relaciones del alumando de los tres valles, teniendo como punto de partida el euskera. A lo largo de estos cursos hemos realizado varios encuentros. Para su financiaci\u00f3n se ha contado con la colaboraci\u00f3n de los Servicios de Euskera. Adem\u00e1s, se ha recibido una subvenci\u00f3n en colaboraci\u00f3n con las Asociaciones de Padres y Madres.&#13;\nCreemos que el proyecto es tan interesante como necesario y tenemos intenci\u00f3n de continuar.<\/p>\n","protected":false},"excerpt":{"rendered":"<p>En el curso 2017-2018 creamos un proyecto com\u00fan para la promoci\u00f3n del euskera en los centros educativos de Garralda, Otsagi y Roncal. De este modo, tambi\u00e9n queremos reforzar las relaciones del alumando de los tres valles, teniendo como punto de partida el euskera. A lo largo de estos cursos hemos realizado varios encuentros. Para su [&hellip;]<\/p>\n","protected":false},"author":1,"featured_media":3042,"parent":0,"menu_order":0,"comment_status":"closed","ping_status":"closed","template":"","meta":{"_genesis_hide_title":false,"_genesis_hide_breadcrumbs":false,"_genesis_hide_singular_image":false,"_genesis_hide_footer_widgets":false,"_genesis_custom_body_class":"","_genesis_custom_post_class":"","_genesis_layout":"","_links_to":"","_links_to_target":""},"featured_image_src":"https:\/\/garraldakozonaldea.educacion.navarra.es\/portal1\/wp-content\/uploads\/2020\/12\/Logoa-PEB-600x400.jpg","featured_image_src_square":"https:\/\/garraldakozonaldea.educacion.navarra.es\/portal1\/wp-content\/uploads\/2020\/12\/Logoa-PEB-600x600.jpg","_links":{"self":[{"href":"https:\/\/garraldakozonaldea.educacion.navarra.es\/portal1\/es\/wp-json\/wp\/v2\/pages\/3199"}],"collection":[{"href":"https:\/\/garraldakozonaldea.educacion.navarra.es\/portal1\/es\/wp-json\/wp\/v2\/pages"}],"about":[{"href":"https:\/\/garraldakozonaldea.educacion.navarra.es\/portal1\/es\/wp-json\/wp\/v2\/types\/page"}],"author":[{"embeddable":true,"href":"https:\/\/garraldakozonaldea.educacion.navarra.es\/portal1\/es\/wp-json\/wp\/v2\/users\/1"}],"replies":[{"embeddable":true,"href":"https:\/\/garraldakozonaldea.educacion.navarra.es\/portal1\/es\/wp-json\/wp\/v2\/comments?post=3199"}],"version-history":[{"count":3,"href":"https:\/\/garraldakozonaldea.educacion.navarra.es\/portal1\/es\/wp-json\/wp\/v2\/pages\/3199\/revisions"}],"predecessor-version":[{"id":4202,"href":"https:\/\/garraldakozonaldea.educacion.navarra.es\/portal1\/es\/wp-json\/wp\/v2\/pages\/3199\/revisions\/4202"}],"wp:featuredmedia":[{"embeddable":true,"href":"https:\/\/garraldakozonaldea.educacion.navarra.es\/portal1\/es\/wp-json\/wp\/v2\/media\/3042"}],"wp:attachment":[{"href":"https:\/\/garraldakozonaldea.educacion.navarra.es\/portal1\/es\/wp-json\/wp\/v2\/media?parent=3199"}],"curies":[{"name":"wp","href":"https:\/\/api.w.org\/{rel}","templated":true}]}}

Comisión de Euskera del Pirineo

<p class="has-text-align-center">En el curso 2017-2018 creamos un proyecto común para la promoción del euskera en los centros educativos de Garralda, Otsagi y Roncal. De este modo, también queremos reforzar las relaciones del alumando de los tres valles, teniendo como punto de partida el euskera. A lo largo de estos cursos hemos realizado varios encuentros. Para su financiación se ha contado con la colaboración de los Servicios de Euskera. Además, se ha recibido una subvención en colaboración con las Asociaciones de Padres y Madres.&#13;
Creemos que el proyecto es tan interesante como necesario y tenemos intención de continuar.</p>

<p>En el curso 2017-2018 creamos un proyecto común para la promoción del euskera en los centros educativos de Garralda, Otsagi y Roncal. De este modo, también queremos reforzar las relaciones del alumando de los tres valles, teniendo como punto de partida el euskera. A lo largo de estos cursos hemos realizado varios encuentros. Para su [&hellip;]</p>
