{"id":3185,"date":"2021-01-27T12:47:07","date_gmt":"2021-01-27T11:47:07","guid":{"rendered":"https:\/\/garraldakozonaldea.educacion.navarra.es\/portal1\/horarios-de-los-grupos\/"},"modified":"2021-10-04T13:54:09","modified_gmt":"2021-10-04T11:54:09","slug":"horarios-de-los-grupos","status":"publish","type":"page","link":"https:\/\/garraldakozonaldea.educacion.navarra.es\/portal1\/es\/horarios-de-los-grupos\/","title":{"rendered":"Horarios de los grupos"},"content":{"rendered":"\n<p class=\"has-text-align-center\">El horario del centro (sin tener en cuenta el comedor) ser\u00e1 el siguiente:<strong> Educaci\u00f3n infantil y primaria<\/strong> de 9:00h a 14:00h; <strong>Educaci\u00f3n Secundaria<\/strong> de 9:00h a 15:00h.<\/p>\n\n<div class=\"wp-container-1 wp-block-buttons is-content-justification-center\">\n<div class=\"wp-block-button\"><a class=\"wp-block-button__link\" href=\"https:\/\/docs.google.com\/document\/d\/1f2gT-XFyujN4KbHVKrWP1FS99OB0_CkdmFYhX6strOY\/edit?usp=sharing\" target=\"_blank\" rel=\"noreferrer noopener\">Educaci\u00f3n infantil \/ Educaci\u00f3n primaria<\/a><\/div>\n\n\n\n<div class=\"wp-block-button\"><a class=\"wp-block-button__link\" href=\"https:\/\/docs.google.com\/document\/d\/12tTSMoJKFtTK52hZpqo1U3DWlg_8PLqT82MF_FwtiR4\/edit?usp=sharing\" target=\"_blank\" rel=\"noreferrer noopener\">Educaci\u00f3n secundaria<\/a><\/div>\n<\/div>\n\n<p><\/p>\n","protected":false},"excerpt":{"rendered":"<p>El horario del centro (sin tener en cuenta el comedor) ser\u00e1 el siguiente: Educaci\u00f3n infantil y primaria de 9:00h a 14:00h; Educaci\u00f3n Secundaria de 9:00h a 15:00h.<\/p>\n","protected":false},"author":1,"featured_media":2952,"parent":0,"menu_order":0,"comment_status":"closed","ping_status":"closed","template":"","meta":{"_genesis_hide_title":false,"_genesis_hide_breadcrumbs":false,"_genesis_hide_singular_image":false,"_genesis_hide_footer_widgets":false,"_genesis_custom_body_class":"","_genesis_custom_post_class":"","_genesis_layout":"","_links_to":"","_links_to_target":""},"featured_image_src":"https:\/\/garraldakozonaldea.educacion.navarra.es\/portal1\/wp-content\/uploads\/2020\/09\/draw-1772745_1920.jpg","featured_image_src_square":"https:\/\/garraldakozonaldea.educacion.navarra.es\/portal1\/wp-content\/uploads\/2020\/09\/draw-1772745_1920.jpg","_links":{"self":[{"href":"https:\/\/garraldakozonaldea.educacion.navarra.es\/portal1\/es\/wp-json\/wp\/v2\/pages\/3185"}],"collection":[{"href":"https:\/\/garraldakozonaldea.educacion.navarra.es\/portal1\/es\/wp-json\/wp\/v2\/pages"}],"about":[{"href":"https:\/\/garraldakozonaldea.educacion.navarra.es\/portal1\/es\/wp-json\/wp\/v2\/types\/page"}],"author":[{"embeddable":true,"href":"https:\/\/garraldakozonaldea.educacion.navarra.es\/portal1\/es\/wp-json\/wp\/v2\/users\/1"}],"replies":[{"embeddable":true,"href":"https:\/\/garraldakozonaldea.educacion.navarra.es\/portal1\/es\/wp-json\/wp\/v2\/comments?post=3185"}],"version-history":[{"count":4,"href":"https:\/\/garraldakozonaldea.educacion.navarra.es\/portal1\/es\/wp-json\/wp\/v2\/pages\/3185\/revisions"}],"predecessor-version":[{"id":3540,"href":"https:\/\/garraldakozonaldea.educacion.navarra.es\/portal1\/es\/wp-json\/wp\/v2\/pages\/3185\/revisions\/3540"}],"wp:featuredmedia":[{"embeddable":true,"href":"https:\/\/garraldakozonaldea.educacion.navarra.es\/portal1\/es\/wp-json\/wp\/v2\/media\/2952"}],"wp:attachment":[{"href":"https:\/\/garraldakozonaldea.educacion.navarra.es\/portal1\/es\/wp-json\/wp\/v2\/media?parent=3185"}],"curies":[{"name":"wp","href":"https:\/\/api.w.org\/{rel}","templated":true}]}}

<p class="has-text-align-center">El horario del centro (sin tener en cuenta el comedor) será el siguiente:<strong> Educación infantil y primaria</strong> de 9:00h a 14:00h; <strong>Educación Secundaria</strong> de 9:00h a 15:00h.</p>

<div class="wp-container-1 wp-block-buttons is-content-justification-center">
<div class="wp-block-button"><a class="wp-block-button__link" href="https://docs.google.com/document/d/1f2gT-XFyujN4KbHVKrWP1FS99OB0_CkdmFYhX6strOY/edit?usp=sharing" target="_blank" rel="noreferrer noopener">Educación infantil / Educación primaria</a></div>



<div class="wp-block-button"><a class="wp-block-button__link" href="https://docs.google.com/document/d/12tTSMoJKFtTK52hZpqo1U3DWlg_8PLqT82MF_FwtiR4/edit?usp=sharing" target="_blank" rel="noreferrer noopener">Educación secundaria</a></div>
</div>

<p></p>

<p>El horario del centro (sin tener en cuenta el comedor) será el siguiente: Educación infantil y primaria de 9:00h a 14:00h; Educación Secundaria de 9:00h a 15:00h.</p>
