{"id":2693,"date":"2020-01-28T11:30:23","date_gmt":"2020-01-28T10:30:23","guid":{"rendered":"https:\/\/garraldakozonaldea.educacion.navarra.es\/portal1\/calendario-de-actividades\/"},"modified":"2024-09-17T10:20:23","modified_gmt":"2024-09-17T08:20:23","slug":"calendario-de-actividades","status":"publish","type":"page","link":"https:\/\/garraldakozonaldea.educacion.navarra.es\/portal1\/es\/calendario-de-actividades\/","title":{"rendered":"Calendario de actividades"},"content":{"rendered":"\n<p class=\"has-text-align-center\">Aqu\u00ed podr\u00e9is ver las actividades, d\u00edas especiales, salidas y excursiones que realizaremos desde la escuela de Garralda.<\/p>\n\n<iframe loading=\"lazy\" src=\"https:\/\/calendar.google.com\/calendar\/embed?src=cpgarral-kalitatea%40educacion.navarra.es&#038;ctz=Europe%2FMadrid\" style=\"border: 0\" width=\"800\" height=\"600\" frameborder=\"0\" scrolling=\"no\"><\/iframe>\r\n\n<p><\/p>\n","protected":false},"excerpt":{"rendered":"<p>Aqu\u00ed podr\u00e9is ver las actividades, d\u00edas especiales, salidas y excursiones que realizaremos desde la escuela de Garralda.<\/p>\n","protected":false},"author":1,"featured_media":121,"parent":0,"menu_order":0,"comment_status":"closed","ping_status":"closed","template":"","meta":{"_genesis_hide_title":false,"_genesis_hide_breadcrumbs":false,"_genesis_hide_singular_image":false,"_genesis_hide_footer_widgets":false,"_genesis_custom_body_class":"","_genesis_custom_post_class":"","_genesis_layout":"","_links_to":"","_links_to_target":""},"featured_image_src":"https:\/\/garraldakozonaldea.educacion.navarra.es\/portal1\/wp-content\/uploads\/2015\/05\/Vista.jpg","featured_image_src_square":"https:\/\/garraldakozonaldea.educacion.navarra.es\/portal1\/wp-content\/uploads\/2015\/05\/Vista.jpg","_links":{"self":[{"href":"https:\/\/garraldakozonaldea.educacion.navarra.es\/portal1\/es\/wp-json\/wp\/v2\/pages\/2693"}],"collection":[{"href":"https:\/\/garraldakozonaldea.educacion.navarra.es\/portal1\/es\/wp-json\/wp\/v2\/pages"}],"about":[{"href":"https:\/\/garraldakozonaldea.educacion.navarra.es\/portal1\/es\/wp-json\/wp\/v2\/types\/page"}],"author":[{"embeddable":true,"href":"https:\/\/garraldakozonaldea.educacion.navarra.es\/portal1\/es\/wp-json\/wp\/v2\/users\/1"}],"replies":[{"embeddable":true,"href":"https:\/\/garraldakozonaldea.educacion.navarra.es\/portal1\/es\/wp-json\/wp\/v2\/comments?post=2693"}],"version-history":[{"count":3,"href":"https:\/\/garraldakozonaldea.educacion.navarra.es\/portal1\/es\/wp-json\/wp\/v2\/pages\/2693\/revisions"}],"predecessor-version":[{"id":4749,"href":"https:\/\/garraldakozonaldea.educacion.navarra.es\/portal1\/es\/wp-json\/wp\/v2\/pages\/2693\/revisions\/4749"}],"wp:featuredmedia":[{"embeddable":true,"href":"https:\/\/garraldakozonaldea.educacion.navarra.es\/portal1\/es\/wp-json\/wp\/v2\/media\/121"}],"wp:attachment":[{"href":"https:\/\/garraldakozonaldea.educacion.navarra.es\/portal1\/es\/wp-json\/wp\/v2\/media?parent=2693"}],"curies":[{"name":"wp","href":"https:\/\/api.w.org\/{rel}","templated":true}]}}

<p class="has-text-align-center">Aquí podréis ver las actividades, días especiales, salidas y excursiones que realizaremos desde la escuela de Garralda.</p>

<iframe loading="lazy" src="https://calendar.google.com/calendar/embed?src=cpgarral-kalitatea%40educacion.navarra.es&#038;ctz=Europe%2FMadrid" style="border: 0" width="800" height="600" frameborder="0" scrolling="no"></iframe>

<p></p>

<p>Aquí podréis ver las actividades, días especiales, salidas y excursiones que realizaremos desde la escuela de Garralda.</p>
